test common divisor of 264 and 33?
33
Calculate the greatest common factor of 520 and 100.
20
Calculate the greatest common factor of 196 and 147.
49
Calculate the greatest common factor of 3500 and 224.
28
What is the highest common divisor of 18578 and 28?
14
What is the greatest common factor of 39851 and 7?
7
Calculate the greatest common divisor of 210 and 175.
35
Calculate the highest common divisor of 2937 and 825.
33
What is the greatest common divisor of 21760 and 1020?
340
What is the highest common factor of 198 and 7755?
33
What is the highest common divisor of 405 and 645?
15
Calculate the highest common divisor of 384 and 24.
24
What is the highest common divisor of 1248 and 2652?
156
What is the greatest common divisor of 67 and 1?
1
What is the highest common factor of 5575 and 25?
25
Calculate the highest common factor of 40 and 256.
8
Calculate the highest common factor of 32 and 10688.
32
Calculate the highest common divisor of 4122 and 90.
18
What is the highest common factor of 2535 and 75?
15
What is the greatest common divisor of 2587 and 1393?
199
What is the greatest common factor of 36 and 72?
36
Calculate the greatest common factor of 180 and 80.
20
Calculate the greatest common factor of 66 and 54.
6
What is the greatest common divisor of 1005 and 75?
15
Calculate the highest common divisor of 1258 and 814.
74
Calculate the greatest common factor of 4018 and 82.
82
Calculate the greatest common factor of 14 and 16.
2
What is the highest common divisor of 11 and 2288?
11
Calculate the highest common factor of 150 and 78450.
150
Calculate the highest common divisor of 33 and 759.
33
What is the highest common factor of 1034 and 2350?
94
Calculate the highest common divisor of 117 and 21333.
39
What is the greatest common divisor of 511 and 73?
73
Calculate the highest common factor of 11 and 143.
11
Calculate the greatest common divisor of 68 and 17.
17
Calculate the highest common divisor of 1 and 5879.
1
Calculate the highest common divisor of 4641 and 51.
51
Calculate the highest common factor of 749 and 963.
107
What is the highest common divisor of 33722 and 26?
26
Calculate the greatest common divisor of 309 and 515.
103
Calculate the greatest common divisor of 85 and 25.
5
Calculate the highest common factor of 192 and 60.
12
What is the highest common divisor of 121 and 33?
11
What is the greatest common factor of 102 and 255?
51
Calculate the highest common divisor of 660 and 1188.
132
What is the highest common factor of 352 and 11?
11
Calculate the greatest common factor of 5609 and 213.
71
Calculate the highest common divisor of 1946 and 14.
14
What is the greatest common divisor of 286 and 22?
22
What is the highest common factor of 152 and 1208?
8
Calculate the greatest common divisor of 28 and 609.
7
What is the greatest common divisor of 65 and 130?
65
Calculate the highest common divisor of 168 and 126.
42
Calculate the highest common factor of 216 and 3708.
36
What is the greatest common divisor of 42 and 336?
42
What is the greatest common divisor of 279 and 31?
31
What is the highest common factor of 12238 and 116?
58
Calculate the highest common factor of 4991 and 2737.
161
What is the highest common divisor of 33 and 803?
11
Calculate the greatest common divisor of 1455 and 15.
15
What is the highest common divisor of 98 and 35?
7
What is the greatest common divisor of 135 and 9909?
27
What is the greatest common divisor of 16 and 7376?
16
What is the highest common divisor of 15 and 780?
15
What is the greatest common factor of 4732 and 52?
52
What is the greatest common factor of 15931 and 179?
179
What is the highest common divisor of 297 and 121?
11
Calculate the highest common factor of 279 and 576.
9
Calculate the greatest common factor of 45 and 450.
45
What is the greatest common factor of 28 and 2?
2
What is the highest common factor of 80 and 144?
16
Calculate the highest common factor of 122 and 1342.
122
What is the highest common divisor of 910 and 70?
70
What is the highest common factor of 637 and 52?
13
What is the highest common factor of 75 and 1875?
75
Calculate the highest common divisor of 17208 and 96.
24
What is the greatest common factor of 6363 and 36?
9
What is the greatest common divisor of 208 and 48?
16
Calculate the highest common divisor of 6806 and 246.
82
What is the highest common factor of 2363 and 51?
17
What is the highest common factor of 72 and 684?
36
What is the greatest common divisor of 272 and 17?
17
Calculate the greatest common divisor of 54 and 135.
27
Calculate the greatest common factor of 740 and 15.
5
Calculate the greatest common factor of 87 and 12.
3
What is the highest common divisor of 132 and 3234?
66
What is the highest common factor of 230 and 17365?
115
What is the highest common factor of 117 and 9?
9
What is the highest common factor of 32567 and 29?
29
What is the highest common divisor of 67 and 2412?
67
Calculate the highest common factor of 9 and 192.
3
Calculate the highest common divisor of 6 and 4650.
6
What is the highest common divisor of 17 and 1088?
17
What is the highest common factor of 1782 and 1386?
198
What is the highest common factor of 4 and 34?
2
Calculate the highest common divisor of 12449 and 59.
59
What is the highest common divisor of 14092 and 52?
52
What is the highest common factor of 1862 and 98?
98
Calculate the highest common factor of 8245 and 85.
85
What is the greatest common divisor of 15 and 20?
5
Calculate the highest common divisor of 171 and 1216.
19
Calculate the greatest common factor of 14791 and 7.
7
What is the highest common factor of 63 and 203?
7
Calculate the greatest common factor of 1022 and 378.
14
Calculate the greatest common divisor of 378 and 144.
18
What is the greatest common divisor of 96 and 624?
48
Calculate the greatest common factor of 13 and 832.
13
Calculate the highest common factor of 75 and 6.
3
What is the greatest common factor of 117 and 273?
39
What is the greatest common factor of 210 and 168?
42
What is the highest common divisor of 212 and 20?
4
Calculate the highest common divisor of 10380 and 120.
60
Calculate the highest common factor of 50 and 410.
10
Calculate the highest common divisor of 81 and 333.
9
What is the highest common divisor of 110 and 120?
10
What is the greatest common divisor of 148 and 70?
2
What is the highest common factor of 6086 and 17?
17
Calculate the greatest common divisor of 21 and 707.
7
Calculate the highest common divisor of 1836 and 68.
68
Calculate the highest common divisor of 40 and 108.
4
Calculate the highest common divisor of 2526 and 12.
6
Calculate the highest common divisor of 146 and 6.
2
What is the highest common divisor of 327 and 1199?
109
What is the highest common divisor of 304 and 34?
2
What is the greatest common divisor of 224 and 1708?
28
Calculate the greatest common divisor of 28 and 6.
2
What is the greatest common factor of 963 and 856?
107
What is the highest common divisor of 155 and 248?
31
What is the highest common factor of 488 and 8?
8
Calculate the greatest common factor of 12 and 276.
12
Calculate the greatest common factor of 1207 and 142.
71
What is the highest common divisor of 312 and 546?
78
What is the highest common factor of 240 and 2235?
15
Calculate the greatest common factor of 72 and 9.
9
What is the greatest common factor of 36 and 81828?
36
Calculate the highest common factor of 72 and 108.
36
Calculate the greatest common divisor of 559 and 387.
43
What is the highest common factor of 41 and 1681?
41
What is the highest common factor of 109 and 11881?
109
Calculate the highest common factor of 110 and 50.
10
Calculate the greatest common divisor of 192 and 78.
6
What is the greatest common divisor of 196 and 54292?
196
What is the highest common factor of 8 and 472?
8
What is the highest common divisor of 799 and 423?
47
What is the highest common divisor of 4 and 250?
2
What is the highest common factor of 2180 and 20?
20
What is the highest common divisor of 18 and 42?
6
Calculate the greatest common factor of 5724 and 12.
12
Calculate the greatest common divisor of 266 and 203.
7
What is the highest common divisor of 155 and 20?
5
Calculate the highest common divisor of 15